{"id":2,"date":"2016-05-10T03:48:21","date_gmt":"2016-05-10T03:48:21","guid":{"rendered":"http:\/\/brittalange.de\/?page_id=2"},"modified":"2020-03-30T20:14:52","modified_gmt":"2020-03-30T20:14:52","slug":"sample-page","status":"publish","type":"page","link":"https:\/\/brittalange.de\/","title":{"rendered":"Herzlich Willkommen."},"content":{"rendered":"<p><iframe src=\"https:\/\/www.youtube.com\/embed\/hkrUQumiBEE?autoplay=1;rel=0&amp;controls=0\" width=\"560\" height=\"315\" frameborder=\"0\" allowfullscreen=\"allowfullscreen\">&amp;amp;amp;amp;amp;amp;amp;amp;amp;amp;amp;amp;amp;amp;amp;lt;span data-mce-type=&#8220;bookmark&#8220; style=&#8220;display: inline-block; width: 0px; overflow: hidden; line-height: 0;&#8220; class=&#8220;mce_SELRES_start&#8220;&amp;amp;amp;amp;amp;amp;amp;amp;amp;amp;amp;amp;amp;amp;amp;gt;\ufeff&amp;amp;amp;amp;amp;amp;amp;amp;amp;amp;amp;amp;amp;amp;amp;lt;\/span&amp;amp;amp;amp;amp;amp;amp;amp;amp;amp;amp;amp;amp;amp;amp;gt;<\/iframe><\/p>\n<p>Erleben Sie phantasievolle Bilder und Illustrationen in verschieden Druck- und Maltechniken.<\/p>\n<p>Mein Name ist Britta Lange und ich arbeite seit 2001 als K\u00fcnstlerin, Dozentin und Art Direktorin. Auf diesen Seiten haben Sie die M\u00f6glichkeit meine Arbeiten und Techniken kennenzulernen und sich \u00fcber <a href=\"https:\/\/brittalange.de\/?page_id=17\"><span style=\"color: #e6d282;\">Kurse<\/span><\/a> und <a href=\"https:\/\/brittalange.de\/?page_id=16\"><span style=\"color: #e6d282;\">Ausstellungen<\/span><\/a> zu informieren.<\/p>\n<p>Sie werden feststellen, dass ich gerne scheinbare Gegens\u00e4tze wie z.B. das alte Radierhandwerk mit einem moderneren Illustrationsstil verbinde. Allgemein besch\u00e4ftige ich mich viel mit traditionellen Drucktechniken wie der <a href=\"https:\/\/brittalange.de\/?page_id=379\"><span style=\"color: #e6d282;\">Radierung<\/span><\/a> und dem <a href=\"https:\/\/brittalange.de\/?page_id=388\"><span style=\"color: #e6d282;\">Linol- und Holzschnitt<\/span><\/a>. Im Gegensatz dazu arbeite ich aber auch gerne mit neueren Drucktechniken wie dem <a href=\"https:\/\/brittalange.de\/?page_id=383\"><span style=\"color: #e6d282;\">Gelli-Print (Monotypie)<\/span><\/a>.&nbsp;Eine moderne Form der \u201eEinstrichzeichnung\u201c habe ich f\u00fcr mich weiterentwickelt und die entstanden Bilder <a href=\"https:\/\/brittalange.de\/?page_id=386\"><span style=\"color: #e6d282;\">One-Line-Art<\/span><\/a> genannt.<\/p>\n<p>Als freie K\u00fcnstlerin habe ich eine Vielzahl von Bildern zu verschiedenen Themen geschaffen <span style=\"color: #e6d282;\"><a style=\"color: #e6d282;\" href=\"https:\/\/brittalange.de\/?page_id=15\">(siehe Galerie)<\/a><\/span>. Gerne nehme ich auch Auftragsarbeiten an.<\/p>\n<p>Als Dozentin biete ich <a href=\"https:\/\/brittalange.de\/?page_id=16\"><span style=\"color: #e6d282;\">Kurse<\/span><\/a> in meinem Atelier oder an der VHS Buxtehude f\u00fcr Kinder, Jugndliche und Erwachsene an. Mehr dazu finden Sie <span style=\"color: #e6d282;\">hier. <\/span><\/p>\n<p><strong>Haben Sie Fragen?<\/strong><\/p>\n<p>Rufen Sie mich gerne an unter: <a href=\"https:\/\/brittalange.de\/?page_id=19\">04161-768221<\/a> oder senden Sie mir eine Mail unter: <a href=\"mailto:info@brittalange.de\">info@brittalange.de<\/a><\/p>\n<p><strong><em>&nbsp;<\/em><\/strong><\/p>\n","protected":false},"excerpt":{"rendered":"<p>&amp;amp;amp;amp;amp;amp;amp;amp;amp;amp;amp;amp;amp;amp;amp;lt;span data-mce-type=&#8220;bookmark&#8220; style=&#8220;display: inline-block; width: 0px; overflow: hidden; line-height: 0;&#8220; class=&#8220;mce_SELRES_start&#8220;&amp;amp;amp;amp;amp;amp;amp;amp;amp;amp;amp;amp;amp;amp;amp;gt;\ufeff&amp;amp;amp;amp;amp;amp;amp;amp;amp;amp;amp;amp;amp;amp;amp;lt;\/span&amp;amp;amp;amp;amp;amp;amp;amp;amp;amp;amp;amp;amp;amp;amp;gt; Erleben Sie phantasievolle Bilder und Illustrationen in verschieden Druck- und Maltechniken. Mein Name ist Britta Lange und ich arbeite seit 2001 als K\u00fcnstlerin, Dozentin und Art Direktorin. Auf diesen Seiten haben Sie die M\u00f6glichkeit meine Arbeiten und Techniken kennenzulernen und sich \u00fcber Kurse und &hellip; <\/p>\n<p class=\"link-more\"><a href=\"https:\/\/brittalange.de\/\" class=\"more-link\"><span class=\"screen-reader-text\">\u201eHerzlich Willkommen.\u201c<\/span> weiterlesen<\/a><\/p>\n","protected":false},"author":1,"featured_media":0,"parent":0,"menu_order":0,"comment_status":"closed","ping_status":"open","template":"","meta":{"ngg_post_thumbnail":0,"footnotes":""},"class_list":["post-2","page","type-page","status-publish","hentry"],"yoast_head":"<!-- This site is optimized with the Yoast SEO plugin v24.2 - https:\/\/yoast.com\/wordpress\/plugins\/seo\/ -->\n<title>Herzlich Willkommen. - Britta Lange<\/title>\n<meta name=\"robots\" content=\"index, follow, max-snippet:-1, max-image-preview:large, max-video-preview:-1\" \/>\n<link rel=\"canonical\" href=\"https:\/\/brittalange.de\/\" \/>\n<meta property=\"og:locale\" content=\"de_DE\" \/>\n<meta property=\"og:type\" content=\"article\" \/>\n<meta property=\"og:title\" content=\"Herzlich Willkommen. - Britta Lange\" \/>\n<meta property=\"og:description\" content=\"&amp;amp;amp;amp;amp;amp;amp;amp;amp;amp;amp;amp;amp;amp;amp;lt;span data-mce-type=&#8220;bookmark&#8220; style=&#8220;display: inline-block; width: 0px; overflow: hidden; line-height: 0;&#8220; class=&#8220;mce_SELRES_start&#8220;&amp;amp;amp;amp;amp;amp;amp;amp;amp;amp;amp;amp;amp;amp;amp;gt;\ufeff&amp;amp;amp;amp;amp;amp;amp;amp;amp;amp;amp;amp;amp;amp;amp;lt;\/span&amp;amp;amp;amp;amp;amp;amp;amp;amp;amp;amp;amp;amp;amp;amp;gt; Erleben Sie phantasievolle Bilder und Illustrationen in verschieden Druck- und Maltechniken. Mein Name ist Britta Lange und ich arbeite seit 2001 als K\u00fcnstlerin, Dozentin und Art Direktorin. Auf diesen Seiten haben Sie die M\u00f6glichkeit meine Arbeiten und Techniken kennenzulernen und sich \u00fcber Kurse und &hellip; \u201eHerzlich Willkommen.\u201c weiterlesen\" \/>\n<meta property=\"og:url\" content=\"https:\/\/brittalange.de\/\" \/>\n<meta property=\"og:site_name\" content=\"Britta Lange\" \/>\n<meta property=\"article:modified_time\" content=\"2020-03-30T20:14:52+00:00\" \/>\n<meta name=\"twitter:card\" content=\"summary_large_image\" \/>\n<meta name=\"twitter:label1\" content=\"Gesch\u00e4tzte Lesezeit\" \/>\n\t<meta name=\"twitter:data1\" content=\"1\u00a0Minute\" \/>\n<script type=\"application\/ld+json\" class=\"yoast-schema-graph\">{\"@context\":\"https:\/\/schema.org\",\"@graph\":[{\"@type\":\"WebPage\",\"@id\":\"https:\/\/brittalange.de\/\",\"url\":\"https:\/\/brittalange.de\/\",\"name\":\"Herzlich Willkommen. - Britta Lange\",\"isPartOf\":{\"@id\":\"https:\/\/brittalange.de\/#website\"},\"datePublished\":\"2016-05-10T03:48:21+00:00\",\"dateModified\":\"2020-03-30T20:14:52+00:00\",\"breadcrumb\":{\"@id\":\"https:\/\/brittalange.de\/#breadcrumb\"},\"inLanguage\":\"de\",\"potentialAction\":[{\"@type\":\"ReadAction\",\"target\":[\"https:\/\/brittalange.de\/\"]}]},{\"@type\":\"BreadcrumbList\",\"@id\":\"https:\/\/brittalange.de\/#breadcrumb\",\"itemListElement\":[{\"@type\":\"ListItem\",\"position\":1,\"name\":\"Startseite\",\"item\":\"https:\/\/brittalange.de\/\"},{\"@type\":\"ListItem\",\"position\":2,\"name\":\"Herzlich Willkommen.\"}]},{\"@type\":\"WebSite\",\"@id\":\"https:\/\/brittalange.de\/#website\",\"url\":\"https:\/\/brittalange.de\/\",\"name\":\"Britta Lange\",\"description\":\"K\u00fcnstlerin\",\"publisher\":{\"@id\":\"https:\/\/brittalange.de\/#organization\"},\"potentialAction\":[{\"@type\":\"SearchAction\",\"target\":{\"@type\":\"EntryPoint\",\"urlTemplate\":\"https:\/\/brittalange.de\/?s={search_term_string}\"},\"query-input\":{\"@type\":\"PropertyValueSpecification\",\"valueRequired\":true,\"valueName\":\"search_term_string\"}}],\"inLanguage\":\"de\"},{\"@type\":\"Organization\",\"@id\":\"https:\/\/brittalange.de\/#organization\",\"name\":\"Britta Lange\",\"url\":\"https:\/\/brittalange.de\/\",\"logo\":{\"@type\":\"ImageObject\",\"inLanguage\":\"de\",\"@id\":\"https:\/\/brittalange.de\/#\/schema\/logo\/image\/\",\"url\":\"https:\/\/brittalange.de\/wp-content\/uploads\/2018\/08\/cropped-Logo_BL_ArtDG.png\",\"contentUrl\":\"https:\/\/brittalange.de\/wp-content\/uploads\/2018\/08\/cropped-Logo_BL_ArtDG.png\",\"width\":431,\"height\":250,\"caption\":\"Britta Lange\"},\"image\":{\"@id\":\"https:\/\/brittalange.de\/#\/schema\/logo\/image\/\"}}]}<\/script>\n<!-- \/ Yoast SEO plugin. -->","yoast_head_json":{"title":"Herzlich Willkommen. - Britta Lange","robots":{"index":"index","follow":"follow","max-snippet":"max-snippet:-1","max-image-preview":"max-image-preview:large","max-video-preview":"max-video-preview:-1"},"canonical":"https:\/\/brittalange.de\/","og_locale":"de_DE","og_type":"article","og_title":"Herzlich Willkommen. - Britta Lange","og_description":"&amp;amp;amp;amp;amp;amp;amp;amp;amp;amp;amp;amp;amp;amp;amp;lt;span data-mce-type=&#8220;bookmark&#8220; style=&#8220;display: inline-block; width: 0px; overflow: hidden; line-height: 0;&#8220; class=&#8220;mce_SELRES_start&#8220;&amp;amp;amp;amp;amp;amp;amp;amp;amp;amp;amp;amp;amp;amp;amp;gt;\ufeff&amp;amp;amp;amp;amp;amp;amp;amp;amp;amp;amp;amp;amp;amp;amp;lt;\/span&amp;amp;amp;amp;amp;amp;amp;amp;amp;amp;amp;amp;amp;amp;amp;gt; Erleben Sie phantasievolle Bilder und Illustrationen in verschieden Druck- und Maltechniken. Mein Name ist Britta Lange und ich arbeite seit 2001 als K\u00fcnstlerin, Dozentin und Art Direktorin. Auf diesen Seiten haben Sie die M\u00f6glichkeit meine Arbeiten und Techniken kennenzulernen und sich \u00fcber Kurse und &hellip; \u201eHerzlich Willkommen.\u201c weiterlesen","og_url":"https:\/\/brittalange.de\/","og_site_name":"Britta Lange","article_modified_time":"2020-03-30T20:14:52+00:00","twitter_card":"summary_large_image","twitter_misc":{"Gesch\u00e4tzte Lesezeit":"1\u00a0Minute"},"schema":{"@context":"https:\/\/schema.org","@graph":[{"@type":"WebPage","@id":"https:\/\/brittalange.de\/","url":"https:\/\/brittalange.de\/","name":"Herzlich Willkommen. - Britta Lange","isPartOf":{"@id":"https:\/\/brittalange.de\/#website"},"datePublished":"2016-05-10T03:48:21+00:00","dateModified":"2020-03-30T20:14:52+00:00","breadcrumb":{"@id":"https:\/\/brittalange.de\/#breadcrumb"},"inLanguage":"de","potentialAction":[{"@type":"ReadAction","target":["https:\/\/brittalange.de\/"]}]},{"@type":"BreadcrumbList","@id":"https:\/\/brittalange.de\/#breadcrumb","itemListElement":[{"@type":"ListItem","position":1,"name":"Startseite","item":"https:\/\/brittalange.de\/"},{"@type":"ListItem","position":2,"name":"Herzlich Willkommen."}]},{"@type":"WebSite","@id":"https:\/\/brittalange.de\/#website","url":"https:\/\/brittalange.de\/","name":"Britta Lange","description":"K\u00fcnstlerin","publisher":{"@id":"https:\/\/brittalange.de\/#organization"},"potentialAction":[{"@type":"SearchAction","target":{"@type":"EntryPoint","urlTemplate":"https:\/\/brittalange.de\/?s={search_term_string}"},"query-input":{"@type":"PropertyValueSpecification","valueRequired":true,"valueName":"search_term_string"}}],"inLanguage":"de"},{"@type":"Organization","@id":"https:\/\/brittalange.de\/#organization","name":"Britta Lange","url":"https:\/\/brittalange.de\/","logo":{"@type":"ImageObject","inLanguage":"de","@id":"https:\/\/brittalange.de\/#\/schema\/logo\/image\/","url":"https:\/\/brittalange.de\/wp-content\/uploads\/2018\/08\/cropped-Logo_BL_ArtDG.png","contentUrl":"https:\/\/brittalange.de\/wp-content\/uploads\/2018\/08\/cropped-Logo_BL_ArtDG.png","width":431,"height":250,"caption":"Britta Lange"},"image":{"@id":"https:\/\/brittalange.de\/#\/schema\/logo\/image\/"}}]}},"jetpack_sharing_enabled":true,"_links":{"self":[{"href":"https:\/\/brittalange.de\/index.php?rest_route=\/wp\/v2\/pages\/2","targetHints":{"allow":["GET"]}}],"collection":[{"href":"https:\/\/brittalange.de\/index.php?rest_route=\/wp\/v2\/pages"}],"about":[{"href":"https:\/\/brittalange.de\/index.php?rest_route=\/wp\/v2\/types\/page"}],"author":[{"embeddable":true,"href":"https:\/\/brittalange.de\/index.php?rest_route=\/wp\/v2\/users\/1"}],"replies":[{"embeddable":true,"href":"https:\/\/brittalange.de\/index.php?rest_route=%2Fwp%2Fv2%2Fcomments&post=2"}],"version-history":[{"count":9,"href":"https:\/\/brittalange.de\/index.php?rest_route=\/wp\/v2\/pages\/2\/revisions"}],"predecessor-version":[{"id":1349,"href":"https:\/\/brittalange.de\/index.php?rest_route=\/wp\/v2\/pages\/2\/revisions\/1349"}],"wp:attachment":[{"href":"https:\/\/brittalange.de\/index.php?rest_route=%2Fwp%2Fv2%2Fmedia&parent=2"}],"curies":[{"name":"wp","href":"https:\/\/api.w.org\/{rel}","templated":true}]}}